et j = u + -2. Is j a composite number?
True
Suppose 5*b - 10*b = 35. Is (3818/4)/(b/(-14)) prime?
False
Let h = -7 + 12. Let q(n) = -n**3 + 5*n**2 - 3*n + 7. Let w be q(h). Let k = w + 54. Is k composite?
True
Suppose -22*n - 3*n = -137725. Is n a composite number?
True
Let y(x) = -x**3 + 23*x**2 + 7. Let b be y(23). Let g(f) = 2*f**3 - 18*f - 3. Is g(b) prime?
True
Suppose -3*y + 96 = y. Suppose -7*t - y = -3*t. Is (506/(-3))/(4/t) a prime number?
False
Let q(c) = 3*c - 3. Let p be q(2). Let v(m) = -13*m - 141. Let z be v(-11). Suppose -4*s + 1347 + 909 = -z*n, -p*n = -3*s + 1695. Is s a composite number?
False
Let u = 6967 - 3614. Is u prime?
False
Let o(y) = 1 + 7*y - 2 + 10*y**2 - 6. Is o(4) a composite number?
False
Is (0 + (-3)/12*1)*-224324 a prime number?
True
Let l(x) = -x**2 - 1. Let u(p) = -2*p**2 + 2*p - 1. Let f be u(1). Let y be l(f). Is 0 - -52 - 2/y a prime number?
True
Let v = -16897 - -24910. Is v a composite number?
True
Let l(h) = -8*h**2 + 5*h + 1. Let v be l(7). Let i = 751 + v. Is i prime?
False
Let k be 215 - 4/(-12)*-3. Suppose -2*y + y - 218 = -j, j - k = 3*y. Suppose 0*b + j = 4*b. Is b composite?
True
Let x(j) be the second derivative of -6*j + 3*j**2 + 13/12*j**4 + 1/2*j**3 + 0. Is x(5) composite?
True
Let w(g) = 362*g + 11. Let x be w(3). Let a = x - -656. Is a a composite number?
False
Is 210/560 + ((-19898)/(-16) - 1) a prime number?
False
Let x = 72 + -21. Is 8/(-68) + 4239/x prime?
True
Let f(n) be the second derivative of n**3/6 - 3*n**2 - 13*n. Let p be f(8). Suppose p*y - 1256 = -4*a + 6*y, 299 = a - 4*y. Is a a composite number?
True
Let v(h) = 4*h + 4*h + 47*h**2 - 6*h - 3 + 38*h**2. Is v(2) prime?
False
Let t(b) = 1741*b**2 + 2*b + 4. Is t(3) a prime number?
True
Suppose -5*p + 2*i = -1582, -p - p + 624 = -3*i. Let j = p - 227. Suppose -j - 308 = -3*q. Is q a prime number?
False
Let o(g) = 116*g**2 + 3*g + 36. Is o(-5) composite?
True
Suppose -4*o + 21 = -o + 5*d, 3*d - 17 = -4*o. Suppose -o*z + 8 = 2*z. Suppose -177 = z*w - 5*w. Is w a prime number?
True
Let t(z) = 617*z + 474. Is t(19) a prime number?
True
Suppose 5*p = 7966 + 20929. Is p a prime number?
True
Let l(o) = -32*o**3 - o**2 - 8*o - 5. Let d(f) = -65*f**3 - 3*f**2 - 16*f - 10. Let y(c) = 3*d(c) - 5*l(c). Is y(-4) a prime number?
True
Suppose 6*d - 7*d + 423 = 0. Suppose 8*t - 2113 = d. Is t composite?
False
Let u = -2434 - -4587. Is u a prime number?
True
Let r = 4 + -3. Let x(f) be the third derivative of 389*f**4/24 + f**3/3 - 29*f**2. Is x(r) a composite number?
True
Let w = 5488 + -767. Is w composite?
False
Let f(u) = 16*u**3 - u**2 + u - 1. Let y be f(1). Suppose 17*o - y*o = 2954. Is o composite?
True
Is 220 - (-5 - 11/((-33)/6)) prime?
True
Suppose 0 = 7*i - 54 + 19. Suppose 2*x - 4*k = 230, -x + 102 = i*k - 41. Is x a composite number?
True
Is (-6 + 19 + -11)/((-4)/(-3554)) a composite number?
False
Let j = 13934 - 8185. Is j a prime number?
True
Suppose -705*c = -712*c + 90713. Is c prime?
True
Let n be (6/9)/((-4)/(-114)). Suppose 4*a - 2*y - 6 = -0*a, -a = 3*y - n. Suppose 4*c + a*z - 480 = 0, -113 - 8 = -c - 2*z. Is c a composite number?
True
Let z(s) = 56*s**2 + 210*s + 3. Is z(13) composite?
False
Suppose 11*y + 638 = 13*y. Suppose -3*g + 864 = g. Let z = y - g. Is z a composite number?
False
Suppose 2*v - 4*c + c = -9, -5*v - 6 = -2*c. Suppose 0 = -v*b + b - 5. Suppose 148 = 4*z + 2*l, 2*z - 3*l = b*z - 111. Is z a composite number?
False
Let h be (-6)/(-9) + (36025/15)/5. Suppose -u - 38 + h = 0. Is u a composite number?
False
Let p be (-154)/(-55) - 4/5. Suppose 2*c + 3*v = 55 + 229, -4 = p*v. Is c prime?
False
Let i(a) = -7*a**3 - 4*a**2 + 4. Let d = -15 + 12. Is i(d) a composite number?
False
Is 2 + ((-10)/(-45) - 102974/(-18)) a composite number?
True
Let v = -17758 + 30225. Suppose -v = -5*t + 5748. Is t a composite number?
False
Let f = 35820 + -17993. Is f prime?
True
Suppose 7753 + 657 = 2*x - 3*k, 3*x - 12629 = k. Is x composite?
False
Suppose 3*t - 6152 = w, 2*t - 31*w + 30*w - 4101 = 0. Is t a composite number?
True
Let w(n) = 20*n**2 - 9*n + 11. Is w(8) composite?
True
Let f = -113 - -4648. Is f composite?
True
Let d = 23 - 8. Suppose -2*h + d = 3*h. Suppose -4*j - h*p + 41 = -7, -4*j = -2*p - 68. Is j a prime number?
False
Let n = 753 + -1469. Let o = 1089 + n. Suppose 2*h + 2*u - 194 = 0, -o = -2*h - 2*h + u. Is h composite?
True
Suppose -3*u + 2*y = -23, -2*y + 3 = -1. Let w(p) = 97*p - u + 1 + 10*p - 22*p. Is w(7) a composite number?
False
Is (27978 + 0)*(85/(-30))/(-17) a composite number?
False
Let w be ((-598)/(-2))/((-7)/(-119)). Is 4/2*w/46 composite?
True
Let p = 138 + -318. Let o = p - -1109. Is o prime?
True
Is ((-7476)/(-18))/(4*(-2)/(-12)) a prime number?
False
Let q = -5 - -9. Suppose 28 = x - 3*g - 2*g, 184 = 4*x + q*g. Is x prime?
True
Is 245484/44 + ((-20)/55)/2 a prime number?
False
Is ((-39)/(-2))/(-4*(-48)/183424) composite?
True
Let c be 126/(-10) - (-33)/55. Let w = c - -20. Is 2/w + 87/4 prime?
False
Let o = 314 - 180. Suppose 2*w = -48 + o. Suppose -2*f + 3*t = 2*t - 58, -w = -f - 3*t. Is f a prime number?
True
Suppose 8*f + 247 = -145. Suppose -2 = -4*y - 18, 5*c + 1308 = -2*y. Let r = f - c. Is r a composite number?
False
Let m = 159 + 52. Let j(n) = -3*n**2 - 110*n + 13. Let p be j(-37). Let q = p + m. Is q a composite number?
True
Let b be (-1)/2*-7*-266. Let r = b + 3112. Is r a prime number?
False
Let w be ((-16)/(-3))/(2/(-480)). Let q = w - -2661. Is q prime?
True
Is (2 + (-25)/10)*-20738 composite?
False
Let w be (10/(-5) - (-2 - -2)) + 1. Let l be 23 + 2 + 2/(-1). Let m = l + w. Is m prime?
False
Suppose -162*n - 30 = -156*n. Let a(q) be the first derivative of -44*q**2 - 9*q - 1. Is a(n) a composite number?
False
Suppose -10*k = -11*k + 13891. Is k a composite number?
True
Let x be (21 - -2) + 1/(2/(-8)). Let c = -1 + 4. Suppose -2*i = -c - x. Is i a prime number?
True
Let y be (-6)/(2 - (-5)/2)*-435. Let a = y - -469. Is a prime?
True
Suppose 100*k - 72*k - 1145228 = 0. Is k a prime number?
False
Let u = 4301 - 2904. Is u a prime number?
False
Let m(t) be the first derivative of 2*t**3/3 + 9*t**2/2 + 83. Suppose 4*c + 32 = 4. Is m(c) a prime number?
False
Suppose -2*a - 9 = 3*s, 4*a + 2*s - 1 - 1 = 0. Let j = -8 - -13. Suppose j*v + 49 = k + a*v, -5*k = -2*v - 261. Is k prime?
True
Suppose 3*y + 22077 = 3*k, 4*k - 3*k = 4*y + 7347. Is k composite?
True
Suppose -640 = -11*t + 7*t. Let m = 381 - t. Is m prime?
False
Let y be (-1)/(-2) - 2250/(-4). Let c = y - 172. Is c prime?
False
Let h be (-2)/(-2) + (1 - -1 - 3). Suppose g - 5*j - 56 = h, 7 - 3 = -2*j. Is g prime?
False
Let b = -17328 + 30109. Is b a composite number?
False
Suppose 32196 = -6*v + 218094. Is v composite?
False
Let v(o) = -328*o - 235. Let h(a) = 109*a + 78. Let w(c) = 8*h(c) + 3*v(c). Is w(-10) prime?
True
Let n(g) be the first derivative of -241*g**2/2 + 19*g - 25. Is n(-6) a composite number?
True
Suppose 5*u - 3*u = 3964. Suppose 3*h = 5*h - u. Is h composite?
False
Suppose -3*i - 18415 = -2*h - 2232, 5*h - 40448 = -2*i. Let f = -3979 + h. Is f a composite number?
False
Let k = 101188 - 63803. Is k a prime number?
False
Let q be (-454 - -11)/((-2)/(-2)). Let z = 1321 + q. Suppose -z = -2*h + 612. Is h a composite number?
True
Let y be -184*(-2)/4 - -3. Let h = -26 + y. Is h composite?
True
Is 2826/4 - (184/16 - 12) a prime number?
False
Suppose -2*m = 4*m + 6. Let o(n) = -2543*n - 4. Is o(m) composite?
False
Suppose -3*m + 2628 = 6*m. Let p = 27 + m. Is p a composite number?
True
Let y = -14 - -14. Let c(f) = -f**3 - 2 - 14*f**2 + 1 + 0 - 13*f + y. Is c(-15) a composite number?
False
Let r be 0 + 1 + (-6 - -180). Suppose 0 = 2*s - 5*u - r, -2*u + 4*u = s - 88. Let p = s + -35. Is p a prime number?
False
Let m = 174 - 78. Suppose m*t - 100*t + 1028 = 0. Is t composite?
False
Is (11 - 10)/((-2)/(-20738)*1) composite?
False
Let r(s) = 8*s**2 + 3*s + 2. Let a be r(-1). Let l(o) = 29*o + 8. Is l(a) a prime number?
True
Suppose -3*l + 19 = -5. Suppose 0 = -5*d - 2*w - l, 3*d + 0*w + 2*w + 8 = 0. Is -758*1/(d + -2) composite?
False
Suppose -645 + 2059 = -7*f. Let b = f - -344. Is b composite?
True
Suppose 0 = 15*b - 30 + 75. Is -2 + b - (-6492)/4 composite?
True
Let w = -37 - -25. Suppose 0 = -5*i - 3*q - 24